vide 137040?
True
Does 624 divide 3529489?
False
Is 62 a factor of 314233?
False
Does 28 divide 17717812?
True
Is 1414107 a multiple of 29?
False
Does 2253 divide 22257009?
False
Is 135 a factor of 5028345?
True
Is 11 a factor of 285439?
True
Is 39 a factor of 24393993?
True
Is 6201940 a multiple of 290?
True
Does 143 divide 3594448?
True
Does 128 divide 128640?
True
Does 75 divide 18842475?
True
Does 21 divide 190426?
False
Does 4 divide 185744?
True
Is 20655 a multiple of 45?
True
Is 10 a factor of 1721804?
False
Does 681 divide 723537?
False
Is 7899408 a multiple of 33?
True
Is 71982 a multiple of 9?
True
Is 16 a factor of 231680?
True
Is 2111088 a multiple of 16?
True
Does 477 divide 3520098?
False
Does 336 divide 359856?
True
Is 131 a factor of 13864869?
False
Is 1212110 a multiple of 106?
True
Is 18 a factor of 16292790?
True
Does 41 divide 71832?
True
Is 4 a factor of 49968?
True
Does 6 divide 51724?
False
Is 544157 a multiple of 156?
False
Does 242 divide 1765623?
False
Is 11 a factor of 196840?
False
Is 188 a factor of 1656908?
False
Is 24624 a multiple of 48?
True
Is 114465 a multiple of 195?
True
Is 8515084 a multiple of 47?
True
Does 8 divide 558920?
True
Is 133914 a multiple of 95?
False
Is 36 a factor of 223211?
False
Does 43 divide 83377?
True
Does 315 divide 490455?
True
Is 6584638 a multiple of 1401?
False
Is 189 a factor of 317503?
False
Does 1267 divide 13561968?
True
Does 8 divide 1083291?
False
Does 33 divide 297231?
True
Is 3446 a multiple of 57?
False
Is 10 a factor of 67191?
False
Is 193628 a multiple of 270?
False
Is 99 a factor of 5845257?
True
Does 58 divide 22678?
True
Is 75 a factor of 4269375?
True
Is 3 a factor of 3022614?
True
Is 244 a factor of 514770?
False
Is 25 a factor of 480275?
True
Is 18 a factor of 4737709?
False
Does 652 divide 12024836?
True
Is 97181 a multiple of 17?
False
Does 23 divide 27554?
True
Does 11 divide 17253?
False
Does 7 divide 257687?
False
Is 100 a factor of 668700?
True
Does 163 divide 2542637?
True
Is 40179 even?
False
Is 4687562 a multiple of 22?
True
Is 421987 a multiple of 16?
False
Is 159570 a multiple of 30?
True
Does 40 divide 710000?
True
Is 332063 a multiple of 7?
False
Does 28 divide 342481?
False
Is 456665 a multiple of 10?
False
Does 179 divide 393621?
True
Does 50 divide 1532?
False
Does 1404 divide 4369248?
True
Is 5436882 a multiple of 198?
True
Does 26 divide 16024918?
True
Is 2289093 a multiple of 35?
False
Does 2 divide 95846?
True
Is 208 a factor of 97627?
False
Does 10 divide 10391393?
False
Is 32 a factor of 86176?
True
Is 70 a factor of 3996350?
False
Is 220 a factor of 348700?
True
Is 8593705 a multiple of 56?
False
Is 5496735 a multiple of 177?
True
Is 644080 a multiple of 664?
True
Is 619 a factor of 2164643?
True
Is 67 a factor of 3189141?
False
Is 188 a factor of 7943881?
False
Does 72 divide 8205517?
False
Is 187590 a multiple of 111?
True
Is 15 a factor of 98085?
True
Is 116 a factor of 22167368?
True
Does 43 divide 914567?
True
Is 57 a factor of 436335?
True
Is 140236 a multiple of 8?
False
Is 268 a factor of 81740?
True
Does 121 divide 1644464?
False
Does 11 divide 1255714?
False
Is 555688 a multiple of 28?
True
Does 49 divide 19674?
False
Is 3 a factor of 1318342?
False
Is 756 a factor of 222264?
True
Is 1283040 a multiple of 16?
True
Does 47 divide 74354?
True
Is 317 a factor of 10612926?
False
Is 201151 a multiple of 27?
False
Is 71020 a multiple of 335?
True
Is 32 a factor of 126080?
True
Does 398 divide 503072?
True
Does 50 divide 37223?
False
Does 450 divide 471735?
False
Is 19 a factor of 33654?
False
Is 4 a factor of 166283?
False
Is 7452000 a multiple of 1080?
True
Does 83 divide 38967?
False
Does 93 divide 2652081?
True
Is 12 a factor of 1268398?
False
Is 63429 a multiple of 24?
False
Does 11 divide 250931?
False
Is 906 a factor of 4649592?
True
Is 193 a factor of 164243?
True
Does 24 divide 22826707?
False
Is 19456396 a multiple of 594?
False
Is 48 a factor of 2473513?
False
Is 738752 a multiple of 112?
True
Is 762061 a multiple of 440?
False
Does 272 divide 1239245?
False
Is 558846 a multiple of 237?
True
Does 270 divide 571320?
True
Does 117 divide 2775942?
True
Is 1590585 a multiple of 195?
False
Is 50 a factor of 6200?
True
Is 12 a factor of 489821?
False
Is 27 a factor of 1830009?
False
Does 82 divide 6088175?
False
Is 3 a factor of 9366?
True
Is 247 a factor of 2952391?
True
Does 760 divide 978120?
True
Is 116355 a multiple of 50?
False
Does 6 divide 239175?
False
Does 48 divide 36986?
False
Is 214 a factor of 34865?
False
Is 5 a factor of 9699445?
True
Is 208012 a multiple of 65?
False
Is 2724614 a multiple of 446?
True
Is 37 a factor of 7832559?
False
Is 178368 a multiple of 167?
False
Is 196722 a multiple of 6?
True
Does 19 divide 77529?
False
Is 1866370 a multiple of 418?
True
Is 184383 a multiple of 22?
False
Is 30 a factor of 21506040?
True
Does 853 divide 618475?
False
Is 9750240 a multiple of 8?
True
Is 264351 a multiple of 11?
False
Is 14 a factor of 1616076?
True
Is 32 a factor of 186865?
False
Is 1390 a factor of 1608230?
True
Is 155496 a multiple of 38?
True
Is 206 a factor of 464369?
False
Is 6667 even?
False
Does 46 divide 350821?
False
Does 6 divide 1068?
True
Is 99 a factor of 52074?
True
Is 14 a factor of 421568?
True
Is 9 a factor of 135266?
False
Is 24 a factor of 161018?
False
Is 74 a factor of 435894?
False
Does 29 divide 113100?
True
Does 232 divide 489288?
True
Does 70 divide 370300?
True
Is 14 a factor of 453992?
True
Does 24 divide 435697?
False
Is 66 a factor of 10582440?
True
Is 85 a factor of 3737450?
True
Is 41 a factor of 1548427?
False
Is 289065 a multiple of 25?
False
Is 88 a factor of 11792?
True
Does 151 divide 878669?
True
Does 16 divide 10495106?
False
Does 44 divide 122510?
False
Does 96 divide 126649?
False
Does 1158 divide 7656696?
True
Is 373 a factor of 2118799?
False
Is 6490844 a multiple of 49?
False
Does 38 divide 435852?
False
Is 44 a factor of 445684?
False
Is 14 a factor of 8033620?
True
Is 587160 a multiple of 15?
True
Is 2511912 a multiple of 332?
True
Is 28 a factor of 914340?
True
Is 580 a factor of 1234820?
True
Does 190 divide 47690?
True
Does 18 divide 574974?
True
Does 222 divide 13604382?
True
Is 309010 a multiple of 65?
True
Is 9916339 a multiple of 15?
False
Is 6674995 a multiple of 16?
False
Does 449 divide 2417865?
True
Is 166719 a multiple of 7?
True
Is 6 a factor of 286970?
False
Is 2197324 a multiple of 7?
False
Is 5187104 a multiple of 3?
False
Is 45 a factor of 241310?
False
Is 183 a factor of 60561?
False
Is 41 a factor of 404978?
False
Does 165 divide 1815?
True
Is 1249073 a multiple of 18?
False
Is 501075 a multiple of 75?
True
Does 54 divide 517806?
True
Does 9 divide 9405?
True
Does 62 divide 60579?
False
Is 357192 a multiple of 121?
True
Is 237688 a multiple of 97?
False
Does 121 divide 1574804?
False
Does 292 divide 417177?
False
Is 17314 a multiple of 571?
False
Is 36 a factor of 1494007?
False
Is 170 a factor of 506408?
False
Does 68 divide 1417936?
True
Does 243 divide 6117143?
False
Is 283404 a multiple of 57?
True
Is 407662 a multiple of 54?
False
Does 2 divide 5773?
False
Is 27705 a multiple of 15?
True
Is 10 a factor of 119650?
True
Does 588 divide 2054472?
True
Is 127 a factor of 6985?
True
Does 334 divide 6282540?
True
Does 43 divide 11223?
True
Is 22 a factor of 372567?
False
Is 430707 a multiple of 14?
False
Is 5495009 a multiple of 19?
True
Is 37 a factor of 340030?
True
Is 13910 a multiple of 26?
True
Is 12 a factor of 4412?
False
Is 47 a factor of 194091?
False
Does 182 divide 4586218?
True
Does 193 divide 3860?
True
Does 355 divide 463158?
False
Is 818106 a multiple of 184?
False
Is 58 a factor of 9850546?
True
Is 6549566 a multiple of 19?
True
Does 86 divide 330154?
True
Is 1141 a factor of 3464821?
False
Does 125 divide 1630616?
False
Does 27 divide 36396?
True
Is 30 a factor of 7033682?
False
Is 79912 a multiple of 56?
True
Is 151260 a multiple of 19?
False
Does 478 divide 10058554?
True
Is 171374 a multiple of 14?
True
Is 302999 a multiple of 5?
False
Is 19 a factor of 755174?
True
Is 4 a factor of 1931536?
True
Is 176 a factor of 116160?
True
Is 13 a factor of 47372?
True
Does 4 divide 50184?
True
Is 141928 a multiple of 113?
True
Is 200151 a